{"id":221,"date":"2025-04-18T12:27:45","date_gmt":"2025-04-18T17:27:45","guid":{"rendered":"https:\/\/univirtual.utp.edu.co\/aprende\/?page_id=221"},"modified":"2025-04-24T12:50:42","modified_gmt":"2025-04-24T17:50:42","slug":"compra-exitosa","status":"publish","type":"page","link":"https:\/\/univirtual.utp.edu.co\/aprende\/compra-exitosa\/","title":{"rendered":"Compra exitosa"},"content":{"rendered":"","protected":false},"excerpt":{"rendered":"","protected":false},"author":2,"featured_media":0,"parent":0,"menu_order":0,"comment_status":"closed","ping_status":"closed","template":"","meta":{"_acf_changed":false,"footnotes":""},"class_list":["post-221","page","type-page","status-publish","hentry"],"acf":{"title":"Gracias por tu compra","title_source":{"label":"T\u00edtulo \/ Respuesta","type":"text","formatted_value":"Gracias por tu compra"},"description":"Tu compra ha sido<strong> Aprobada<\/strong>\u00a0y se est\u00e1 procesando, te confirmaremos a trav\u00e9s de correo electr\u00f3nico las fechas de inicio y documentaci\u00f3n requerida para el ingreso, informaci\u00f3n de la transacci\u00f3n","description_source":{"label":"Descripci\u00f3n de la transacci\u00f3n","type":"wysiwyg","formatted_value":"<p>Tu compra ha sido<strong> Aprobada<\/strong>\u00a0y se est\u00e1 procesando, te confirmaremos a trav\u00e9s de correo electr\u00f3nico las fechas de inicio y documentaci\u00f3n requerida para el ingreso, informaci\u00f3n de la transacci\u00f3n<\/p>\n"},"button":{"buttonLabel":"Confirma tu matr\u00edcula","url":"https:\/\/univirtual.utp.edu.co\/aprende"},"button_source":{"label":"Bot\u00f3n","type":"group","formatted_value":{"buttonLabel":"Confirma tu matr\u00edcula","url":"https:\/\/univirtual.utp.edu.co\/aprende"}}},"_links":{"self":[{"href":"https:\/\/univirtual.utp.edu.co\/aprende\/wp-json\/wp\/v2\/pages\/221","targetHints":{"allow":["GET"]}}],"collection":[{"href":"https:\/\/univirtual.utp.edu.co\/aprende\/wp-json\/wp\/v2\/pages"}],"about":[{"href":"https:\/\/univirtual.utp.edu.co\/aprende\/wp-json\/wp\/v2\/types\/page"}],"author":[{"embeddable":true,"href":"https:\/\/univirtual.utp.edu.co\/aprende\/wp-json\/wp\/v2\/users\/2"}],"replies":[{"embeddable":true,"href":"https:\/\/univirtual.utp.edu.co\/aprende\/wp-json\/wp\/v2\/comments?post=221"}],"version-history":[{"count":6,"href":"https:\/\/univirtual.utp.edu.co\/aprende\/wp-json\/wp\/v2\/pages\/221\/revisions"}],"predecessor-version":[{"id":327,"href":"https:\/\/univirtual.utp.edu.co\/aprende\/wp-json\/wp\/v2\/pages\/221\/revisions\/327"}],"wp:attachment":[{"href":"https:\/\/univirtual.utp.edu.co\/aprende\/wp-json\/wp\/v2\/media?parent=221"}],"curies":[{"name":"wp","href":"https:\/\/api.w.org\/{rel}","templated":true}]}}